 What is the hundreds digit of i?
1
Let s = 334 + -238. Let o be 0*(-4)/(-12) + s. Suppose -4*b + b + o = 0. What is the units digit of b?
2
Let j(r) = -r - 5. Let v be j(-7). Suppose 4*c = v*c + 60. Suppose 30 = 3*k - c. What is the units digit of k?
0
Let j(d) = 22*d - 3*d - 17 - 3. What is the tens digit of j(5)?
7
Suppose 6*n + 17 = -55. Suppose 2*o - 54 = -4*j - 14, 64 = 2*o - 4*j. Let y = n + o. What is the units digit of y?
4
Let z(d) = -d - 2. Let i be z(-7). Suppose i*s = -39 + 164. What is the units digit of s?
5
Suppose -5*q + 192 = -2*q. Suppose -4*f + 592 = -q. What is the hundreds digit of f?
1
Let d(j) = j**3 + j**2 + 1. Let f(k) = k**3 + 21*k**2 + 6*k - 14. Let a(g) = -2*d(g) + f(g). What is the tens digit of a(19)?
9
Let r = 2326 + -476. What is the thousands digit of r?
1
Let y be 2 + (-7)/(14/8). Let x = 10 - y. What is the tens digit of x?
1
Suppose -241*o + 236*o + 12190 = 0. What is the thousands digit of o?
2
Let y = 1707 - 1175. What is the hundreds digit of y?
5
Suppose -3*z + 2*h = -29, 0*z + 2*h = -3*z + 37. Suppose 0 = -z*x + 6*x + 25. Suppose g = -4*i - 2, x*g - 21 = -3*i + 20. What is the tens digit of g?
1
Suppose -2*n = 4*w - 16, -n = -2*w - 2*w + 10. Suppose 0 = 5*x - w*f - 97, -2*x + 63 = x - 3*f. What is the tens digit of x?
1
Let h = 1211 - -205. What is the units digit of h?
6
Let h = -33 + 25. Let z(f) = -8*f + 19. What is the units digit of z(h)?
3
Suppose -2*w - 79 - 87 = 0. Let f = w + 300. What is the hundreds digit of f?
2
Suppose 2*v - 5*x = -137, -3*v - 3*x - 148 = x. Let t be 1*-3 + v/14. What is the tens digit of -1*21*12/t?
3
What is the tens digit of 9 + 1 + 1 + 5?
1
Let d be 1362/14 - 16/56. Suppose 5*r = 3*n + 119, 4*n - n + d = 4*r. Let v = 46 - r. What is the units digit of v?
4
Let k = -1820 - -2678. What is the tens digit of k?
5
Let j = 6 + -44. Let w = j + 67. What is the units digit of w?
9
Suppose -3*c - 5*u - 305 = 9, 20 = -5*u. Let n = -38 - c. What is the tens digit of n?
6
Suppose 0 = -11*q + 3982 + 27291. What is the units digit of q?
3
Suppose -5*m - 9 = -39. What is the tens digit of (-2 - (-15)/m)*52?
2
Suppose -w - 11 = -3*v + 10, -11 = -v - w. Let z be ((-8)/(-6))/(v/(-12)). Let s(f) = -3*f + 2. What is the units digit of s(z)?
8
Let f = 0 + 13. Suppose -4*b + g - 20 = 4, g = 2*b + 10. Let l = b + f. What is the units digit of l?
6
Let d = -485 + 1367. What is the hundreds digit of d?
8
Suppose v = 4*f - 5, v + 2 = f - 12. Let i = -6 - v. What is the units digit of i?
1
Let s = -301 + 460. What is the tens digit of s?
5
Let g(r) = -r**3 + 15*r**2 - 8*r + 23. What is the hundreds digit of g(12)?
3
What is the thousands digit of 4121/4 - 13/52?
1
What is the units digit of ((-13212)/(-45))/(0 - 4/(-50))?
0
Let i = -25 - -109. Suppose -n + 215 = i. Let y = n + -85. What is the tens digit of y?
4
What is the tens digit of 4 + (180 - 0) + -3?
8
Let d(z) = -z + 23. Let p be d(10). Suppose 14*g - p*g = -1. Let k(v) = -47*v**3 + 1. What is the units digit of k(g)?
8
Let a = -1299 + 2011. What is the units digit of a?
2
Suppose 8*a = 11*a. Suppose 0 = 4*r - a*r - 16. What is the units digit of r?
4
Let n = 38 - 39. Let h = n + 3. What is the units digit of h?
2
Let b = 99 - 94. Suppose -382 = -2*z - b*j, 4*j - 674 - 281 = -5*z. What is the tens digit of z?
9
What is the tens digit of (-132)/165 - 249/(-5)?
4
Let c = -805 + 1340. What is the hundreds digit of c?
5
Let b(l) = -215*l + 494. What is the tens digit of b(-13)?
8
Suppose 1 = -3*w + 2*p, -4*p + 5 = 3*w - 6. Let b be (22 - 13)/(0 + w). Suppose -b*a = -12*a + 234. What is the tens digit of a?
7
Suppose -4470 = -3*h - v, 3*h - 5632 = 3*v - 1150. What is the hundreds digit of h?
4
Let n(i) = -i**2 + 8*i - 6. Suppose 0 = -k - 5 + 10. Let q be n(k). Suppose -z = -4*w + 54, w - 3*z + 5*z = q. What is the units digit of w?
3
Suppose n - 6 = k + 3*k, 0 = -4*k - 20. What is the units digit of 8*2/28 - 748/n?
4
Let k(z) = -z**3 + 9*z**2 + 2. Let h be k(9). What is the tens digit of ((-18)/27)/(h/(-261))?
8
Let h(l) = -28 - 3*l**2 + l**2 - l**3 + 30 + 3*l. Suppose 5*w + 8 = -12. What is the units digit of h(w)?
2
Suppose 4*g + 0*g = -3*m - 123, 5*m + 25 = 0. Let h = 35 + g. What is the tens digit of -64*(4/h)/(-1)?
3
Let x(a) = 4*a**2 + 129*a - 116. What is the hundreds digit of x(-46)?
4
Suppose 0 = -4*n + 2*g - 6*g + 3508, 3*n - 5*g - 2623 = 0. Let z = n - 621. What is the hundreds digit of z?
2
Let s = -2012 - -3666. What is the tens digit of s?
5
Suppose 5*t + p - 167 = 0, -3*t + 2*t + 4*p = -46. Let z(s) = s**2 + 11*s + 10. Let i be z(-8). Let r = i + t. What is the tens digit of r?
2
Let v = -29 - -29. Suppose -8*x + 316 = -4*x + w, 3*w = v. Suppose -3*d = -5*o + 79, x = 3*o - 5*d + 22. What is the units digit of o?
4
Let o(b) = -b**3 - 10*b**2 - 16*b + 1. Let a(i) = i**2 + 6*i - 8. Let m be a(-6). What is the units digit of o(m)?
1
Let n(z) = z**3 - 5*z**2 + 6*z + 1. Let m be n(5). Let w = -25 + m. Suppose y = -3*v + 17 + 27, w = -3*v. What is the tens digit of y?
5
Let k(f) = 11*f + 2*f + f - f**3 + 12*f**2 - 17. Let h be k(13). What is the tens digit of (-171)/(-12) + 1/h?
1
Let q be (-54)/(-18)*2*2. Suppose -a = -r + 2, a + 1 + 5 = 5*r. What is the units digit of q + 8 - (0 + r)?
9
Suppose 5 + 43 = -6*r. Let y(h) = -17*h + 17. What is the hundreds digit of y(r)?
1
Let c be 2*2*4/16. Let g(o) = 195*o**3 - 3*o + 2. What is the units digit of g(c)?
4
Suppose -14368 - 15685 = -41*o. What is the tens digit of o?
3
Let h(g) = 3*g + 38. Let w be h(-17). Let x(t) = t**3 + 14*t**2 + 9*t + 19. What is the tens digit of x(w)?
7
Let i be (-5 + (-84)/(-18))/(2/(-36)). Suppose 0 = -i*w - 7*w + 117. What is the units digit of w?
9
Let q(h) = 2*h**2 - 2*h. Let t be q(2). Let o = -214 - -218. Suppose o*c + 136 = 4*m + 2*c, 4*m + t*c - 124 = 0. What is the tens digit of m?
3
Let k(r) = 2*r**2 + 3*r + 9. Let i be k(-6). Suppose -73 = -h + i. What is the units digit of h?
6
Suppose 0 = -9*l - 4*l + 338. What is the tens digit of l?
2
Suppose -16 = 4*v, 5*v = -2*h - 1 - 5. Let g be h/7 - (1 + -84). Suppose 15*f - g = 11*f. What is the tens digit of f?
2
What is the tens digit of 2/6 - (-6653)/6*2?
1
Suppose 0 = -3*a - h + 9, -a = a - 3*h + 5. Suppose q - 23 = 3*m + 16, -3*m = -a*q + 78. What is the units digit of q?
9
Let w(c) = 2*c - 26. Let z be w(15). Let h(u) = u + 5. What is the units digit of h(z)?
9
Let m be 0 - (-3 - (12 + 0)). Suppose 5*v - 8*v - 24 = 0. Let l = m - v. What is the tens digit of l?
2
Let c(f) = f**2 - 19*f + 29. Let t(h) = -9*h + 12. Let g(k) = 2*c(k) - 5*t(k). Suppose -3*a - 28 = a. What is the units digit of g(a)?
7
Let h(s) = -s**2 + 13*s - 4. Let i(y) = 1. Let l(u) = -h(u) + 4*i(u). What is the units digit of l(15)?
8
Let c be (8/(-8))/((-2)/354). Suppose -5*y + 8 = -c. What is the tens digit of y?
3
Let c = 56 + -60. What is the units digit of (c - 0 - 190)/(-2)?
7
Let z be (-1 - 1) + (2327 - -1)/(-4). Let k = -301 - z. What is the tens digit of k?
8
Let h = 183 - 180. Let z be 1 + 0 - (-536)/4. Suppose -4*s + h*l - 3 + z = 0, 2*l = -5*s + 188. What is the tens digit of s?
3
Let t(p) = p**3 + 9*p**2 + 7. Let u be t(-6). Let o = u - 75. What is the tens digit of o?
4
Suppose -2*u - 5*u = -182. Suppose n - u = 6. What is the units digit of n?
2
What is the units digit of (-24)/(-40)*(-28740)/(-12)?
7
What is the tens digit of ((-17)/((-153)/(-180)))/((-2)/32)?
2
Let d(g) = -85*g - 171. What is the hundreds digit of d(-13)?
9
Let a(v) = -25*v - 33. Let y(h) = 8*h + 11. Let f(j) = -2*a(j) - 7*y(j). Let t be f(-6). Suppose 3*s - 42 = 2*n + t, -n - 5 = 0. What is the tens digit of s?
1
Let g be 15/6*(-4)/(-10). Let v = 6 - g. Let d = v + 0. What is the units digit of d?
5
Suppose -1036 = -37*i + 35*i. Let m = i - 307. What is the tens digit of m?
1
Suppose 2*a + 7 = 3*w, 4*w - a + 4 = 5*w. Suppose 200 = 2*f + 2*o, w*f - 104 = 2*f - 5*o. What is the tens digit of f?
9
Let u(p) = -p + 6. Let r be u(1). Suppose r*l = -0*b - 5*b + 655, 2*l + b - 257 = 0. What is the hundreds digit of l?
1
Let q(p) = p**2 - 13*p - 9. Let g be q(14). Suppose g*v - 112 = -2*m, 3*m + 2*m - 3*v = 249. Suppose 0*d = -3*d + m. What is the units digit of d?
7
Let o(r) = -6 + 2*r - 2 - r + 4. Let a be o(2). What is the units digit of (30/(-50))/(a/6